51 is divided by 6.
1
What is the remainder when 699 is divided by 37?
33
What is the remainder when 229 is divided by 65?
34
What is the remainder when 4560 is divided by 88?
72
Calculate the remainder when 167 is divided by 7.
6
What is the remainder when 1183 is divided by 14?
7
Calculate the remainder when 899 is divided by 30.
29
What is the remainder when 137 is divided by 75?
62
Calculate the remainder when 581 is divided by 54.
41
Calculate the remainder when 97 is divided by 4.
1
Calculate the remainder when 179 is divided by 43.
7
Calculate the remainder when 190 is divided by 34.
20
Calculate the remainder when 1063 is divided by 211.
8
What is the remainder when 2587 is divided by 438?
397
Calculate the remainder when 86 is divided by 18.
14
Calculate the remainder when 24149 is divided by 35.
34
Calculate the remainder when 13523 is divided by 98.
97
What is the remainder when 262 is divided by 12?
10
What is the remainder when 146 is divided by 50?
46
Calculate the remainder when 36 is divided by 13.
10
Calculate the remainder when 72 is divided by 33.
6
What is the remainder when 41 is divided by 30?
11
Calculate the remainder when 1117 is divided by 32.
29
Calculate the remainder when 768 is divided by 68.
20
What is the remainder when 77 is divided by 65?
12
Calculate the remainder when 483 is divided by 54.
51
Calculate the remainder when 377 is divided by 42.
41
Calculate the remainder when 319 is divided by 65.
59
What is the remainder when 12295 is divided by 43?
40
Calculate the remainder when 231 is divided by 175.
56
Calculate the remainder when 708 is divided by 243.
222
Calculate the remainder when 549 is divided by 69.
66
What is the remainder when 564 is divided by 81?
78
What is the remainder when 37 is divided by 23?
14
Calculate the remainder when 5127 is divided by 114.
111
Calculate the remainder when 151 is divided by 77.
74
Calculate the remainder when 199 is divided by 37.
14
Calculate the remainder when 1848 is divided by 613.
9
What is the remainder when 8145 is divided by 21?
18
What is the remainder when 419 is divided by 113?
80
Calculate the remainder when 25 is divided by 6.
1
What is the remainder when 586 is divided by 5?
1
Calculate the remainder when 479 is divided by 60.
59
What is the remainder when 6173 is divided by 193?
190
What is the remainder when 850 is divided by 4?
2
What is the remainder when 565 is divided by 97?
80
Calculate the remainder when 153 is divided by 12.
9
Calculate the remainder when 195 is divided by 70.
55
Calculate the remainder when 64 is divided by 25.
14
What is the remainder when 482 is divided by 135?
77
Calculate the remainder when 197 is divided by 42.
29
Calculate the remainder when 334 is divided by 48.
46
What is the remainder when 66 is divided by 26?
14
What is the remainder when 114 is divided by 29?
27
What is the remainder when 114 is divided by 111?
3
What is the remainder when 148 is divided by 63?
22
Calculate the remainder when 877 is divided by 2.
1
What is the remainder when 680 is divided by 38?
34
Calculate the remainder when 45 is divided by 40.
5
Calculate the remainder when 606 is divided by 101.
0
Calculate the remainder when 221 is divided by 45.
41
What is the remainder when 54 is divided by 31?
23
What is the remainder when 174 is divided by 18?
12
Calculate the remainder when 213 is divided by 73.
67
What is the remainder when 423 is divided by 26?
7
What is the remainder when 353 is divided by 123?
107
Calculate the remainder when 130 is divided by 27.
22
Calculate the remainder when 286 is divided by 93.
7
What is the remainder when 22913 is divided by 201?
200
What is the remainder when 24 is divided by 14?
10
Calculate the remainder when 126 is divided by 16.
14
What is the remainder when 1416 is divided by 20?
16
What is the remainder when 2974 is divided by 26?
10
What is the remainder when 71 is divided by 31?
9
What is the remainder when 212 is divided by 100?
12
What is the remainder when 124 is divided by 20?
4
What is the remainder when 314 is divided by 50?
14
Calculate the remainder when 3054 is divided by 83.
66
Calculate the remainder when 164 is divided by 83.
81
What is the remainder when 574 is divided by 17?
13
Calculate the remainder when 174 is divided by 37.
26
Calculate the remainder when 26488 is divided by 10.
8
What is the remainder when 651 is divided by 115?
76
Calculate the remainder when 651 is divided by 95.
81
Calculate the remainder when 234 is divided by 71.
21
What is the remainder when 314 is divided by 21?
20
What is the remainder when 465 is divided by 6?
3
What is the remainder when 946 is divided by 73?
70
Calculate the remainder when 776 is divided by 285.
206
Calculate the remainder when 430 is divided by 47.
7
Calculate the remainder when 582 is divided by 274.
34
What is the remainder when 247 is divided by 12?
7
Calculate the remainder when 572 is divided by 192.
188
What is the remainder when 36 is divided by 9?
0
Calculate the remainder when 15118 is divided by 45.
43
Calculate the remainder when 1167 is divided by 577.
13
Calculate the remainder when 355 is divided by 51.
49
Calculate the remainder when 69202 is divided by 73.
71
Calculate the remainder when 4804 is divided by 26.
20
What is the remainder when 653 is divided by 16?
13
Calculate the remainder when 1510 is divided by 1477.
33
Calculate the remainder when 878 is divided by 126.
122
What is the remainder when 1119 is divided by 219?
24
Calculate the remainder when 192 is divided by 192.
0
Calculate the remainder when 87 is divided by 74.
13
Calculate the remainder when 104 is divided by 33.
5
Calculate the remainder when 165 is divided by 101.
64
What is the remainder when 10 is divided by 9?
1
What is the remainder when 184 is divided by 31?
29
What is the remainder when 86 is divided by 11?
9
What is the remainder when 147 is divided by 20?
7
Calculate the remainder when 611 is divided by 121.
6
Calculate the remainder when 1091 is divided by 91.
90
What is the remainder when 12862 is divided by 19?
18
What is the remainder when 543 is divided by 50?
43
Calculate the remainder when 354 is divided by 317.
37
What is the remainder when 419 is divided by 14?
13
Calculate the remainder when 3770 is divided by 35.
25
What is the remainder when 197 is divided by 22?
21
Calculate the remainder when 233 is divided by 77.
2
What is the remainder when 142 is divided by 42?
16
Calculate the remainder when 110 is divided by 24.
14
Calculate the remainder when 1320 is divided by 220.
0
What is the remainder when 1092 is divided by 360?
12
What is the remainder when 140 is divided by 42?
14
Calculate the remainder when 7901 is divided by 31.
27
What is the remainder when 64 is divided by 24?
16
Calculate the remainder when 16 is divided by 2.
0
Calculate the remainder when 2212 is divided by 54.
52
What is the remainder when 508 is divided by 30?
28
What is the remainder when 310 is divided by 33?
13
Calculate the remainder when 272 is divided by 264.
8
What is the remainder when 81 is divided by 26?
3
Calculate the remainder when 229 is divided by 61.
46
Calculate the remainder when 168 is divided by 87.
81
What is the remainder when 14 is divided by 8?
6
What is the remainder when 813 is divided by 103?
92
Calculate the remainder when 374 is divided by 174.
26
What is the remainder when 1083 is divided by 6?
3
What is the remainder when 195 is divided by 3?
0
What is the remainder when 360 is divided by 88?
8
What is the remainder when 136 is divided by 76?
60
Calculate the remainder when 2939 is divided by 30.
29
What is the remainder when 1139 is divided by 376?
11
Calculate the remainder when 61 is divided by 22.
17
Calculate the remainder when 47 is divided by 3.
2
Calculate the remainder when 83 is divided by 20.
3
What is the remainder when 148 is divided by 41?
25
What is the remainder when 2 is divided by 1?
0
What is the remainder when 35 is divided by 6?
5
Calculate the remainder when 2261 is divided by 39.
38
Calculate the remainder when 7728 is divided by 221.
214
Calculate the remainder when 279 is divided by 91.
6
Calculate the remainder when 114 is divided by 55.
4
What is the remainder when 3741 is divided by 35?
31
W